ed by v?
37
Let c = -27 + 102. Let t = 2554 - 2550. Calculate the remainder when c is divided by t.
3
Let a(j) = 5*j**2 - j - 1. Suppose -3*h - 1780 = -11*t, -h = 5*t - 9*t + 647. Calculate the remainder when t is divided by a(3).
38
Suppose -73*n + 38*n + 490 = 0. Let o = 36 + 13. Calculate the remainder when o is divided by n.
7
Let y = 68 - 59. Suppose y = -k + 80. Calculate the remainder when k is divided by 12.
11
Suppose 63 = 56*g - 49. Let v be -1 + 2 + -1 + 4. Suppose -2*u + 3*w - 37 + 291 = 0, g*u - 250 = v*w. Calculate the remainder when u is divided by 17.
14
Suppose -n - 13 = -3*d, -2*n + 2*d = 3*n + 13. Let g be n/(-2)*-2*-9. Let w(k) = -k**3 + 10*k**2 - 6*k - 19. What is the remainder when 31 is divided by w(g)?
7
Suppose -218*a + 2625 = -203*a. What is the remainder when a is divided by 29?
1
Suppose -3*h = v - 5, 3*v + 2 = -2*h + 3. What is the remainder when (-2 + v)*66/(-9) is divided by 10?
2
Let o be 658/3*(-468)/(-182). Suppose 3*h = 4*v + o + 152, 0 = h + 5*v - 207. What is the remainder when h is divided by 9?
7
Let v(b) = 34*b**2 + 99*b - 87. Let f(g) = -g - 4. Let z be f(7). Let x = 13 - z. Calculate the remainder when v(1) is divided by x.
22
Suppose 5*w - 5*p = 365, 5*w - 365 = -2*p - p. What is the remainder when 1/3 - 15732/(-27) is divided by w?
72
Let x(h) = -h**2 + 23*h - 68. Let n be x(20). What is the remainder when 86 is divided by ((-12)/n)/((-12)/(-176))?
20
Suppose 1 + 11 = -3*z. Let q be (-4)/8 - ((-26)/z)/(-1). Suppose 4*a = q*a - 64. What is the remainder when 125 is divided by a?
29
Let i(d) = -1257*d - 4903. What is the remainder when i(-5) is divided by 460?
2
Calculate the remainder when ((-2349)/3 + 3)*(12110/21)/(-10) is divided by 9.
7
Let v(g) = -g**3 + 17*g**2 + 61*g + 37. Let b = 358 + -338. What is the remainder when v(b) is divided by 25?
7
Suppose 0 = 2*k - 3*k + 86. Let m = 252350 + -252305. Calculate the remainder when k is divided by m.
41
Let k = -20 + 94. Suppose 2*d + 2*p + 2*p = 116, 2*d - 5*p = 80. What is the remainder when k is divided by (-1)/(3 + (-152)/d)?
24
Let c = -7 + 2. Let k = 504 - 481. What is the remainder when k is divided by 7/1 - 15/c?
3
Suppose -169 = -h + 72. Let q = -224 + 235. What is the remainder when h is divided by q?
10
Let l = -24144 + 24637. Let p(b) = b**2 + 7*b - 5. What is the remainder when l is divided by p(5)?
53
What is the remainder when 123 is divided by 13 - 1 - 30/((-110)/(-11))?
6
Suppose -6*v - 13*v - 23*v + 1134 = 0. Suppose -2 = b, -5 - 101 = -2*d + 3*b. Calculate the remainder when d is divided by v.
23
Let v be -4*(0 + 12/(-3)). Let q(u) = -u**2 + 17*u - 13. Let f be q(v). What is the remainder when 43 is divided by ((-18)/10)/(f/(-15))?
7
Suppose 0 = 8*u - 339 - 181. Calculate the remainder when 35 is divided by 2/5 - (-819)/u.
9
Let z(g) = -g + 238. Let d = -463 - -481. What is the remainder when z(d) is divided by 45?
40
Let y = -54 + 56. Suppose y*p + 1 + 3 = 0. What is the remainder when (-1)/p*(90 + -4) is divided by 11?
10
Let z(n) = 3*n**2 + 6*n + 312. What is the remainder when z(-16) is divided by 487?
10
Let b = 1688 + -1658. Calculate the remainder when 76 is divided by b.
16
Let u(k) = k**2 - 18*k + 45. Let q(l) = 3*l**3 - 7*l**2 - l + 1. Let h be q(3). What is the remainder when u(h) is divided by 51/12 - (-2)/(-8)?
1
Let z(f) = -11*f**2 + 263*f + 38. Suppose 3*h + 2*m = 147, 3*h + m - 191 = -h. What is the remainder when h is divided by z(24)?
5
Let n(i) = -4*i + i**3 + 14*i + 2*i + 3*i**2 + 11*i**2. Suppose -k - 5*t = -2*t + 4, t + 23 = -2*k. Calculate the remainder when 60 is divided by n(k).
8
Let b(o) = -o**3 + 6*o**2 + 2*o - 7. Let j be b(6). What is the remainder when j/(-100)*-16 - 708/(-15) is divided by 6?
0
Suppose -3*q + 105 = 2*j, -283 = -4*j + 3*q - 64. What is the remainder when 182 is divided by j?
20
Let u = -1656 + 1681. Let z = -118 + 177. What is the remainder when z is divided by u?
9
Let b = -129 - -124. Calculate the remainder when 19 is divided by (-7 - b)*(-8 + 1).
5
Suppose 3*j - 460 = 2*a, -747 + 282 = -3*j - 3*a. Suppose -38 = 4*r - j. What is the remainder when 110 is divided by r?
23
Let x = -21 + 31. Let u = 66 - x. Let s = u - -14. What is the remainder when s is divided by 37?
33
Calculate the remainder when 25632/(-13 - -25) - 17 is divided by 1052.
15
Suppose -4*n = 2*d - 26, 0*d - 5 = 5*n - 5*d. Suppose 0 = -4*u + n, 2*q - 5*q + 4*u = -227. Calculate the remainder when q is divided by 26.
25
Suppose -4*k - 2*s = 650, -2*s = -2*k - 0*s - 322. Let u = k - -184. What is the remainder when 85 is divided by u?
19
Let g = -93 - -37. Let b be (g/12)/((-2)/12). Let i = 43 - b. What is the remainder when i is divided by 8?
7
Let i(j) = -3*j + 40. Let y = 122 - 99. Calculate the remainder when i(0) is divided by y.
17
Let w(a) = -59*a - 3. Let p be w(-1). Let d = p - -25. Calculate the remainder when d is divided by 22.
15
Suppose -605 = -3*a + f, 8*a - 7*a - 220 = 4*f. Suppose 7*q - 367 = a. Calculate the remainder when q is divided by 14.
11
Let c = 2929 + -2425. Calculate the remainder when c is divided by 248.
8
Let g(c) = c**2 + 5*c + 1. Let k be g(6). Suppose 3*a - 181 = -5*z, -k - 60 = -2*a + 3*z. What is the remainder when a is divided by (17 + -15 - 37)/(40/(-24))?
20
Let a(y) = 16*y + 83. Let g be a(-5). Suppose -2*k = g*t - 229, 2*t - 6*k - 154 = -7*k. What is the remainder when t is divided by 33?
13
Suppose -6*l - 311 = -1601. Let s = l - 165. Calculate the remainder when 647 is divided by s.
47
Suppose -2*o + 740 = 2*s, 44 = -3*o + 29. What is the remainder when s is divided by 128?
119
Suppose -5*f - s + 248 = -0*s, 0 = f - 3*s - 56. Suppose 4316*t + 2295 = 4469*t. What is the remainder when f is divided by t?
5
Let l(w) be the first derivative of 4*w**2 + 55*w - 93. Calculate the remainder when l(0) is divided by 29.
26
Let u(z) = -z**3 - 8*z**2 - 18*z - 63. Let x(r) be the third derivative of 7*r**4/24 + 2*r**3/3 + 2*r**2. What is the remainder when x(3) is divided by u(-7)?
11
Let n(t) = t**3 - 4*t**2 - 10*t. Let r = 77 - 72. Suppose -2*y + 12 = -r*l, 2*y + 3*y = -2*l + 30. Calculate the remainder when n(y) is divided by 3.
0
Suppose 2*v + v - 3 = 0, -3*a + 540 + 181 = v. What is the remainder when a is divided by (3/2)/(2/36)?
24
Suppose -7 = -o + 5. Suppose -o*b = -11*b - 16. Suppose -5*f - 3*w + 76 = -127, 4*w = 2*f - 102. What is the remainder when f is divided by b?
11
Let w = 117 + -90. Let j = w + -23. Suppose -5*q + 292 = j*o, -352 = -2*o - 3*o - 3*q. What is the remainder when o is divided by 24?
20
Suppose 0 = 106*o - 9581 + 6295. Suppose 0 = 4*q - 3 - 81. What is the remainder when o is divided by q?
10
Suppose 4*p - 2*p + 2*q = 34, -q - 55 = -5*p. Let k = 329 - 86. Suppose -9*x + 432 - k = 0. What is the remainder when x is divided by p?
9
Let a = -224 - -224. Let f(p) = -p**3 + 2*p**2 + 3*p + 58. Calculate the remainder when f(a) is divided by 15.
13
Suppose -11*j = -7*j - 4. Let s be j*(-20 + 4) - -1. What is the remainder when 5 is divided by s/(-13) + (-46)/299?
0
Let x(l) = -26*l - 69. Let i(g) = 3*g**3 - 3*g**2 + 2*g + 7. Let z = -19 + 22. Calculate the remainder when i(z) is divided by x(-4).
32
Let l = -240 + 303. Suppose l*q - 102 = 57*q. Calculate the remainder when 524 is divided by q.
14
Let z = -51 + 8. What is the remainder when 96 is divided by z/(-2) - (-6 - 55/(-10))?
8
Let i be (-17 + 21)/(2/8). Suppose 2*k - 3*d = -3*k + 53, i = 4*d. Let b(j) = 9*j + 13. Calculate the remainder when b(k) is divided by 12.
10
Suppose -2479*d - 390 = -2518*d. Calculate the remainder when 769 is divided by d.
9
Let a be (-44)/(-8) - (-7)/14. Suppose a*o - 9*o + 3*v = 24, 5*o = -v - 10. Calculate the remainder when 84 is divided by (15*(3 + -4))/o.
4
Let q(a) = 351*a - 2385. Calculate the remainder when 151 is divided by q(7).
7
Suppose 8*a - 58 - 30 = 0. Let z = 57 - a. Let x = 33 - 16. Calculate the remainder when z is divided by x.
12
Let v = 157 - 152. Let l = 41 - 36. Suppose -2*f + 3*f = 3*t + 60, v*f - 290 = l*t. Calculate the remainder when 111 is divided by f.
54
Let o(g) = -g**2 + 12*g - 19. Let r be o(8). Suppose -840 = 5*h - r*h. Calculate the remainder when 8 is divided by (-2)/(-3)*h/10.
1
Let r = 298 - 298. Suppose r = 5*g + 2*c - 1695, -g - 144 + 483 